053. Is m composite?
True
Let r = 100046 - 59845. Is r a prime number?
False
Let s be -3 - 20/(-5) - 3. Let x be 2 - -3*(-1)/s*2. Is 3593/(5*x/25) prime?
True
Let i = -488083 + 1092704. Is i composite?
True
Let c(m) = m**2 + 3592. Let x be c(0). Let a(d) = -3*d - 94. Let u be a(-33). Suppose u*q - x = 1203. Is q a prime number?
False
Let t(r) = -2*r - 52. Let y be t(-28). Is ((-4)/12)/(y/(-8412)) prime?
True
Suppose -21*s = -83*s + 39*s + 220823. Is s composite?
False
Suppose 3*f - 4*f = 406. Let j = 1107 + f. Let d = 1264 - j. Is d composite?
False
Let h = -67414 - -495709. Suppose -32*q - 1639 = -h. Is q composite?
True
Let n(z) = 61*z + 27. Let s(p) = -306*p - 136. Let g(f) = -11*n(f) - 2*s(f). Let r be g(-12). Suppose -3*q + 94 = -r. Is q composite?
True
Let k(u) = 131*u - 7. Suppose 3*f + 0*f + 30 = 0. Let t = f + 14. Is k(t) a composite number?
True
Let n be -9702*(35/(-14) - 0). Suppose 0 = -5*l + 2*q + n, -6*l + 4*q = -l - 24245. Is l a prime number?
False
Suppose -4717*v = -4705*v - 64532 - 39160. Is v a composite number?
False
Let a(t) = 18942*t**2 + 5*t + 6. Let l be a(-1). Let u = l - 3690. Is u a composite number?
True
Suppose 2*k - 10410 + 3078 = 0. Let c(y) = -522*y - 65. Let u be c(-15). Let j = u - k. Is j a prime number?
True
Let t(s) = 17*s**3 - 42*s**2 + 29*s + 280. Is t(22) composite?
True
Is 196814*(2/(-4) - (71 + -72)) a prime number?
True
Let d be (-4)/(-4)*7 - -2. Let s(b) = b - 5. Let x be s(d). Suppose -4*u + 3*o = -547, 0*u + 419 = 3*u - x*o. Is u a prime number?
False
Let w(t) = t**2 + 23*t - 211. Is w(-33) a composite number?
True
Let z = 842 + -956. Is 5/((-30)/(-9))*(-454556)/z a composite number?
False
Let f = 1934 + -3052. Let c = 7623 + f. Is c a prime number?
False
Is 32*(-16 - -8949) + 7 a prime number?
False
Let w = 66373 - 35954. Is w prime?
False
Let l(j) = -j**3 + 23*j**2 + 6. Let a be l(23). Suppose -2*u - a = -0, 5*w - u = -22. Is 254/(-4)*(2 - (w - -9)) prime?
True
Suppose -c + 5*a = -18799, -15*c + 16*c = 2*a + 18781. Is c a composite number?
True
Let i = -31 - -35. Is i + -1 + (3 - (-837 - -4)) a composite number?
False
Let j be ((2*-3)/((-15)/70))/2. Let x(h) = 4*h**3 - 10*h**2 + 43. Is x(j) a prime number?
True
Suppose 18 = 4*p - 14. Let d(x) = 123*x + 18. Let m be d(p). Suppose 3*a - 1389 - m = 0. Is a a prime number?
True
Suppose -12 = -2*p, -27*p + 426358 = 4*c - 28*p. Is c a prime number?
True
Let w = -819866 - -1187487. Is w prime?
True
Let r = 816410 + -488527. Is r composite?
True
Suppose -4*u = -0*u + 4. Let g be 2 - (-278 - (2 - u)). Suppose d - g = 10. Is d prime?
True
Suppose 3*i + 5 = -2*b, 0 = 4*b - 7*b + i + 9. Suppose -b*k - 237 + 2563 = 0. Is k a prime number?
True
Let u(v) = -662*v + 18. Let m be u(-5). Suppose -3*y + 3636 = -l - m, 0 = 5*y - 5*l - 11590. Is y composite?
True
Let l(o) = -o**2 - 6*o - 3. Let t be l(-5). Let y(m) = -5 + 16 - 6 - 4 - 3*m + 109*m**t. Is y(2) a prime number?
True
Let c = -193 + 226. Suppose -13*z = -c*z + 100840. Is z a prime number?
False
Suppose -20*i = -1939404 - 214556. Is i a composite number?
True
Let v = 3134 - 1288. Suppose -2*m = v - 9132. Is m a prime number?
True
Let w be ((-1)/3 - (-3 + 5))*-21. Let y = w - 45. Is (-3)/y - (-24471)/36 a prime number?
False
Let t = -27118 + 66063. Is t composite?
True
Let w be (18/8)/((-1)/(-4)). Is (180/(-8))/w*88070/(-25) a prime number?
True
Let w(i) = 40*i + 8. Let n be w(1). Suppose 0 = -4*v + 20*v - n. Suppose 506 - 158 = 2*g + 4*r, -r = v*g - 532. Is g prime?
False
Let k(x) = -25*x**2 - 2*x + 1. Let d be k(2). Let p = -49 - d. Suppose m - 233 + p = 0. Is m a prime number?
True
Let x = 2416 - 2239. Is x a prime number?
False
Let a be -1 + -1 - (-2 - 155872). Is a/64*2*1 a composite number?
False
Let k(l) = 607*l**2 - 75*l - 335. Is k(-14) a composite number?
False
Suppose 3*w + 349*h = 352*h + 373554, -3*w - h = -373550. Is w a prime number?
False
Let p(l) = 4*l**3 + 12*l**2 - 7*l + 14. Let y(m) = 6*m**3 + 23*m**2 - 14*m + 27. Let j(s) = -5*p(s) + 3*y(s). Suppose -2*x - 1 = 13. Is j(x) prime?
True
Let p = 268578 - 167779. Is p a composite number?
False
Let n(t) = 11*t**2 + 2*t + 1. Let f be n(-1). Let g be 520/(-45) - (-8)/(-18). Is f/15 + -674*14/g prime?
True
Let h be 340157/57 - (-1)/3. Suppose h = 2*w + 1692. Let q = -585 + w. Is q prime?
True
Let g be 1/((-5)/15) - -9239. Let q = g + -6185. Let j = -1652 + q. Is j a composite number?
False
Suppose 6*w - 4*b = 4698438, -914*b - 3132284 = -4*w - 910*b. Is w a composite number?
False
Suppose -18328 - 14222 = -14*v. Let p = v + -1648. Is p a composite number?
False
Let s(x) = 56*x**3 + 6*x**2 - 16*x + 103. Is s(6) a prime number?
False
Suppose -4*p = 3*w + 233, 0*p + 5*p = 4*w + 352. Let a = w - -1582. Is a a prime number?
True
Suppose 0 = -2*i + 8, 1804664 = 4*f + 7*i - 10*i. Is f a composite number?
True
Let q(v) = -v**2 + 53*v + 2779873. Is q(0) prime?
True
Let a(j) = -2*j + 14. Let n be a(6). Let c be 45885/3 - -1 - -1. Suppose d + n*d - c = 0. Is d a composite number?
False
Let u(f) = 455*f**2 - 712*f + 53. Is u(38) composite?
False
Let h(b) = 4783*b + 945. Is h(8) composite?
False
Suppose 330*c = 334*c - 4*t - 999244, 2*c - 5*t = 499604. Is c a prime number?
False
Suppose 0 = 7*s - s + 18. Let w be (-439)/s + (-28)/(-42). Let k = 258 - w. Is k a composite number?
True
Suppose -5*g + 3*h = -1240253, 0 = g + 2*h + 21913 - 269948. Is g a composite number?
True
Let o(l) = l**3 - 14*l**2 - 6*l + 3. Let p(g) = -g - 7. Let v be p(0). Let f be -1*(-4)/v + (-116)/(-7). Is o(f) a prime number?
True
Suppose 0 = -187*m - 6543047 + 33861129. Is m a composite number?
True
Suppose 0 = -2*z + 13*g - 8*g + 59027, 2*z + g - 58997 = 0. Is z a prime number?
True
Suppose 2*y - 37 = -33. Is 384/288*y/((-4)/(-14253)) a composite number?
True
Let f = -66047 + 17639. Is (f/(-48))/((-3)/2 - -2) prime?
True
Suppose -3*x + 5*g + 14727 = -2598, -2*x + 3*g + 11550 = 0. Suppose -18717 = -12*n + x. Is n a prime number?
False
Let w = -121956 + 342199. Is w composite?
False
Is 1 + 253231 - 60/20 a prime number?
True
Is (-10 - (-11 - 0))/((-1)/(-59401)) prime?
False
Let p(b) = 9595*b**2 + 86*b + 270. Is p(-3) a prime number?
False
Suppose 26*w - 24*w - 84650 = 0. Suppose 0 = -8*u - 17*u + w. Is u a composite number?
False
Suppose -20*g + 7635105 = -8119915. Is g prime?
True
Let k(n) = n**2 - 2*n - 4. Suppose 25*g + 92 = 29*g. Suppose -11*r = -g*r - 84. Is k(r) a prime number?
True
Let a(l) = l**3 - 12*l**2 - l + 12. Suppose -x + 8 = -4*b, 4*b + 0*b = -2*x + 28. Let o be a(x). Suppose o = -4*s + 458 - 102. Is s prime?
True
Suppose -4*l = -3*s - 7, -s + 4*l - 5 = 2*l. Suppose -3*j = -s*k + 24, -3*j + k - 2*k - 28 = 0. Is j/6*(-28)/6*293 prime?
False
Let g(h) = 5034*h**3 + h**2 - 55*h + 167. Is g(4) composite?
False
Let w(v) = v**2 - v - 1. Let h be w(1). Let u be 1/(h - 5/(100/(-16))). Is 4 + u - -3 - -1007 composite?
False
Suppose -2*b = 5*j - 17, -2*j - 3*b + 9 = -0*b. Suppose j*n + 2 = 2*n, 1135 = 3*a + n. Is a a prime number?
True
Let x be 2/1*(-5 + 2 + 5). Suppose -4*g = -3*f - 26, -x*f - 28 = 4*g - 8*g. Is (-1 + f + 1)*(-5 + -66) a prime number?
False
Suppose -10749*n - 843647 = -10756*n. Is n a composite number?
True
Let u = 2891 + -1846. Suppose 0*n - 5*a - u = -n, -6 = -3*a. Is n a composite number?
True
Let k be 101*(1 + -4)/(-12 + 13). Let r be -171 + 1 - -1*1. Let s = r - k. Is s a prime number?
False
Let t(x) = 39*x**3 - 50*x**2 - 166*x - 79. Is t(20) composite?
True
Suppose h + 10*z - 11551 = 0, 0 = 2*h + 13*z - 12*z - 23178. Is h a prime number?
False
Is ((-6)/(-12) - 33090/(-8))/((-23)/(-92)) a composite number?
False
Let s(o) = 163*o + 1206. Is s(56) composite?
True
Let g = 652 - 572. Let z = 399 - g. Is z a prime number?
False
Let f be (-18)/24*(-240)/36. Suppose -46915 = -16*t + f*t. Is t a prime number?
False
Suppose -l - p - 31 = 19, l - p = -52. Let o = l - -39. Let r(b) = -b**3 - 6*b**2 + 6*b + 5. Is r(o) prime?
True
Let s(m) = -2*m**2 + 34*m - 49. Let g be s(16). Is (15*g + 4)*-1 a prime number?
True
Let g be 12 + 0 - (-36)/(-6). Is (44532/g + -5)*1 composite?
False
Let h(f) = 5*f**3 + 3*f**2 - 8*f + 7. Let z = -81 - -86. Is h(z) composite?
True
Suppose -n + 14 = -3*n. Let b(f) = 4*f**3 - f**2 + 6*f + 9. Let p be b(n). Let k = p + 2541. Is k prime?
Tru